{"id":481,"date":"2018-12-24T12:26:40","date_gmt":"2018-12-24T11:26:40","guid":{"rendered":"https:\/\/apuntat.com\/clubs\/?page_id=481"},"modified":"2018-12-24T12:29:05","modified_gmt":"2018-12-24T11:29:05","slug":"informacion-adicional-rgpdue","status":"publish","type":"page","link":"https:\/\/apuntat.com\/clubs\/informacion-adicional-rgpdue\/","title":{"rendered":"Informacion adicional RGPDUE"},"content":{"rendered":"<table id=\"#contacto\" border=\"2\" width=\"709\" cellspacing=\"3\" cellpadding=\"3\">\n<tbody>\n<tr>\n<td class=\"table-title\" colspan=\"4\" width=\"709\"><strong>PROTECCI\u00d3N DE DATOS PERSONALES (Informaci\u00f3n adicional)<\/strong><\/td>\n<\/tr>\n<tr>\n<td class=\"table-subtitle\" colspan=\"3\" width=\"246\">Informaci\u00f3n adicional General<\/td>\n<td class=\"table-content\" width=\"463\"><a style=\"color: #0000ff;\" href=\"#3.0\">+info general RGPDUE<\/a><\/p>\n<p>&nbsp;<\/td>\n<\/tr>\n<tr>\n<td class=\"table-subtitle\" colspan=\"2\" rowspan=\"2\" width=\"113\">Finalidad, plazo de conservaci\u00f3n y legitimaci\u00f3n&nbsp;<\/td>\n<td class=\"table-subsubtitle\" width=\"132\">Finalidades detalladas<\/td>\n<td class=\"table-content\" width=\"463\">Recogida de los datos para atender sus consultas.<\/td>\n<\/tr>\n<tr>\n<td class=\"table-subsubtitle\" width=\"132\">Legitimaci\u00f3n<\/td>\n<td class=\"table-content\" width=\"463\">Consentimiento del interesado<\/td>\n<\/tr>\n<\/tbody>\n<\/table>\n<p>&nbsp;<\/p>\n<p><\/p>\n<table border=\"2\" width=\"709\" cellspacing=\"3\" cellpadding=\"3\">\n<tbody>\n<tr class=\"table-title\">\n<td colspan=\"4\" width=\"709\"><strong>PROTECCI\u00d3N DE DATOS PERSONALES (Informaci\u00f3n adicional)<\/strong><\/td>\n<\/tr>\n<tr>\n<td class=\"table-subtitle\" colspan=\"2\" rowspan=\"3\" width=\"113\">Responsable del tratamiento<\/td>\n<td class=\"table-subsubtitle\" width=\"132\">\nDatos de contacto del responsable<\/td>\n<td class=\"table-content\" width=\"463\"><strong><br \/>\n<span style=\"color: #429c0c;\">EPIC SOLUTIONS, S.L<\/span><br \/>\n<\/strong> Avinguda de Bellissens, 42 (Edificio TECNOREDESSA \u2013 Despacho 113)<br \/>\n43204 Reus (Tarragona), Tel. 977-756-775 epic.es<\/td>\n<\/tr>\n<tr>\n<td class=\"table-subsubtitle\" width=\"132\">Datos de contacto del DPO<\/td>\n<td class=\"table-content\" width=\"463\"><a href=\"mailto:dpo@epic.es\">dpo@epic.es<\/a><\/td>\n<\/tr>\n<tr>\n<td class=\"table-subsubtitle\" width=\"132\">Plazo de conservaci\u00f3n<\/td>\n<td class=\"table-content\" width=\"463\">La previsi\u00f3n legal que obliga a conservarlas por razones fiscales y contables, y conservarlas para tenerlas<br \/>\na disposici\u00f3n de una entidad p\u00fablica competente. No obstante, podr\u00e1n conservarse m\u00e1s tiempo con fines<br \/>\nde archivo hist\u00f3rico o estad\u00edstico, a menos que se ejerza oposici\u00f3n y \/ o cancelaci\u00f3n.<\/td>\n<\/tr>\n<tr>\n<td class=\"table-subtitle\" colspan=\"2\" rowspan=\"6\" width=\"113\">Destinatarios<\/td>\n<td class=\"table-subsubtitle\" width=\"132\">Destinatario de la cesi\u00f3n<\/td>\n<td class=\"table-content\" width=\"463\">No se preveen cesiones de datos, excepto por previsi\u00f3n legal.<\/td>\n<\/tr>\n<tr>\n<td class=\"table-subsubtitle\" width=\"132\">Finalidad de la cesi\u00f3n<\/td>\n<td class=\"table-content\" width=\"463\">No se prevee ninguna cesi\u00f3n.<\/td>\n<\/tr>\n<tr>\n<td class=\"table-subsubtitle\" width=\"132\">Legitimaci\u00f3n de la cesi\u00f3n<\/td>\n<td class=\"table-content\" width=\"463\">No se prevee ninguna cesi\u00f3n.<\/td>\n<\/tr>\n<tr>\n<td class=\"table-subsubtitle\" width=\"132\">Movimientos internacionales de datos<\/td>\n<td class=\"table-content\" width=\"463\">No se producen<\/td>\n<\/tr>\n<tr>\n<td class=\"table-subsubtitle\" width=\"132\">Transfer\u00e9ncia internacional<\/td>\n<td class=\"table-content\" width=\"463\">No se producen<\/td>\n<\/tr>\n<tr>\n<td class=\"table-subsubtitle\" width=\"132\">Encargados de tratamiento<\/td>\n<td class=\"table-content\" width=\"463\">Los datos podr\u00e1n ser cedidos a proveedores con acceso a datos, con quien se formaliza las obligaciones<br \/>\ny responsabilidades que asumen en el tratamiento de los datos, en calidad de Encargado de Tratamiento.<\/td>\n<\/tr>\n<tr>\n<td class=\"table-subtitle\" colspan=\"2\" rowspan=\"3\" width=\"113\">Derechos<\/td>\n<td class=\"table-subsubtitle\" width=\"132\">\u00bfQu\u00e9 derechos tiene?<\/td>\n<td class=\"table-content\" width=\"463\">Tiene derecho a que le confirmamos si estamos tratando datos suyos Derecho a acceder a sus datos, rectificarlos<br \/>\nsi son inexactos o suprimirlas particularmente si ya no es necesario tratarlas. En determinados casos<br \/>\npodr\u00e1 solicitar la limitaci\u00f3n del tratamiento, en este caso las utilizaremos \u00fanicamente para el ejercicio<br \/>\no defensa de reclamaciones. En determinados casos podr\u00e1 oponerse a que tratemos sus datos y dejaremos<br \/>\nde tratarlas, salvo que motivos leg\u00edtimos imperiosos o el ejercicio o defensa de posibles reclamaciones.<br \/>\nDerecho a revocar el consentimiento.<\/td>\n<\/tr>\n<tr>\n<td class=\"table-subsubtitle\" width=\"132\">\u00bfC\u00f3mo puede ejercitarlos?<\/td>\n<td class=\"table-content\" width=\"463\">Para ejercitar los derechos deber\u00e1 presentar un escrito en la direcci\u00f3n arriba se\u00f1alada o enviar un correo<br \/>\nelectr\u00f3nico a<br \/>\n<a href=\"mailto:pd@epic.es\">pd@epic.es.<\/a> Deber\u00e1 especificar cu\u00e1l de estos derechos solicita sea satisfecho<br \/>\ny, a su vez, deber\u00e1 acompa\u00f1arse de la fotocopia del DNI o documento identificativo equivalente. En<br \/>\ncaso de que actuara mediante representante, legal o voluntario, deber\u00e1 aportar tambi\u00e9n un documento<br \/>\nque acredite la representaci\u00f3n y documento identificativo del mismo. Si desea disponer de un modelo<br \/>\npara lo cual podr\u00e1: Utilizar un modelo oficial de la Agencia: http:\/\/www.agpd.es\/portalwebagpd\/canaldelciudadano\/derechos\/index-ides-idphp.php<br \/>\nSolicitarnos un modelo:<br \/>\n<a href=\"mailto:pd@epic.es\">pd@epic.es.<\/a><\/td>\n<\/tr>\n<tr>\n<td class=\"table-subsubtitle\" width=\"132\">Posibilidad de reclamar ante la AEPD<\/td>\n<td class=\"table-content\" width=\"463\">Asimismo le informamos que cuando no haya obtenido satisfacci\u00f3n en el ejercicio de sus derechos o la<br \/>\nforma de ejercerlos podr\u00e1 presentar una reclamaci\u00f3n ante la Autoridad de Control. Si desea conocer<br \/>\nm\u00e1s informaci\u00f3n sobre este derecho y c\u00f3mo ejercerlo puede dirigirse a la AEPD: http:\/\/www.agpd.es\/<br \/>\nTel. 901100099 y 91.266.35.17. C \/ Jorge Juan, 6 28001-Madrid<\/td>\n<\/tr>\n<\/tbody>\n<\/table>\n","protected":false},"excerpt":{"rendered":"<p>PROTECCI\u00d3N DE DATOS PERSONALES (Informaci\u00f3n adicional) Informaci\u00f3n adicional General +info general RGPDUE &nbsp; Finalidad, plazo de conservaci\u00f3n y legitimaci\u00f3n&nbsp; Finalidades detalladas Recogida de los datos para atender sus consultas. Legitimaci\u00f3n Consentimiento del interesado &nbsp; PROTECCI\u00d3N DE DATOS PERSONALES (Informaci\u00f3n adicional) Responsable del tratamiento Datos de contacto del responsable EPIC SOLUTIONS, S.L Avinguda de Bellissens, 42 [&hellip;]<\/p>\n","protected":false},"author":1,"featured_media":0,"parent":0,"menu_order":0,"comment_status":"closed","ping_status":"closed","template":"","meta":{"footnotes":""},"class_list":["post-481","page","type-page","status-publish","hentry"],"_links":{"self":[{"href":"https:\/\/apuntat.com\/clubs\/wp-json\/wp\/v2\/pages\/481","targetHints":{"allow":["GET"]}}],"collection":[{"href":"https:\/\/apuntat.com\/clubs\/wp-json\/wp\/v2\/pages"}],"about":[{"href":"https:\/\/apuntat.com\/clubs\/wp-json\/wp\/v2\/types\/page"}],"author":[{"embeddable":true,"href":"https:\/\/apuntat.com\/clubs\/wp-json\/wp\/v2\/users\/1"}],"replies":[{"embeddable":true,"href":"https:\/\/apuntat.com\/clubs\/wp-json\/wp\/v2\/comments?post=481"}],"version-history":[{"count":2,"href":"https:\/\/apuntat.com\/clubs\/wp-json\/wp\/v2\/pages\/481\/revisions"}],"predecessor-version":[{"id":487,"href":"https:\/\/apuntat.com\/clubs\/wp-json\/wp\/v2\/pages\/481\/revisions\/487"}],"wp:attachment":[{"href":"https:\/\/apuntat.com\/clubs\/wp-json\/wp\/v2\/media?parent=481"}],"curies":[{"name":"wp","href":"https:\/\/api.w.org\/{rel}","templated":true}]}}